{"id":14,"date":"2023-05-11T08:43:13","date_gmt":"2023-05-11T06:43:13","guid":{"rendered":"https:\/\/tm.sogc.nu\/?page_id=14"},"modified":"2023-10-04T14:51:53","modified_gmt":"2023-10-04T12:51:53","slug":"regler","status":"publish","type":"page","link":"https:\/\/tm.sogc.nu\/index.php\/regler\/","title":{"rendered":"Regler och FAQ"},"content":{"rendered":"\n<p>Vi f\u00f6ljer Fryxgames officiella turneringsregler med f\u00f6ljande till\u00e4gg: I kvalomg\u00e5ngarna har varje spelare en individuell tidbank p\u00e5 30 minuter. I finalen har varje spelare en tidbank p\u00e5 45 minuter. Tidbanken anv\u00e4nds f\u00f6r att s\u00e4kerst\u00e4lla att vi hinner med alla matcher. Alla deltagare beh\u00f6ver ladda ner en timer-app f\u00f6r br\u00e4dspel. Den app du skall anv\u00e4nda om du har en Android \u00e4r <a rel=\"noreferrer noopener\" href=\"https:\/\/play.google.com\/store\/apps\/details?id=com.sublabgames.boardgametimer&amp;hl=sv&amp;gl=US\" data-type=\"link\" data-id=\"https:\/\/play.google.com\/store\/apps\/details?id=com.sublabgames.boardgametimer&amp;hl=sv&amp;gl=US\" target=\"_blank\">Board Game Timer<\/a>. Och om du har en Iphone s\u00e5 \u00e4r det <a href=\"https:\/\/apps.apple.com\/se\/app\/board-game-timer\/id1059796958\" data-type=\"link\" data-id=\"https:\/\/apps.apple.com\/se\/app\/board-game-timer\/id1059796958\">Board Game Timer<\/a>. Vi kommer att anv\u00e4nda en vid varje bord s\u00e5 en av er som spelar f\u00e5r ha den liggandes p\u00e5 bordet och vi kommer l\u00f6sa att det finns str\u00f6muttag att koppla upp sig p\u00e5. Inga promokort kommer anv\u00e4ndas i turneringen.<\/p>\n\n\n\n<h2 class=\"wp-block-heading\">Officiella turneringsregler<\/h2>\n\n\n\n<p><a rel=\"noreferrer noopener\" href=\"https:\/\/tm.sogc.nu\/wp-content\/uploads\/2023\/08\/Terraforming-Mars-Tournament-Rules-Version-1.0.pdf\" target=\"_blank\">Du kan l\u00e4sa turneringens officiella regler h\u00e4r.<\/a> <\/p>\n\n\n\n<p><a href=\"https:\/\/tm.sogc.nu\/\" data-type=\"page\" data-id=\"7\">P\u00e5 <\/a><a href=\"https:\/\/tm.sogc.nu\/#kval\" data-type=\"page\">startsidan<\/a> ser du vilka expansioner som anv\u00e4nds i de olika kvalomg\u00e5ngarna.<\/p>\n\n\n\n<h2 class=\"wp-block-heading\">FAQ<\/h2>\n\n\n\n<h3 class=\"wp-block-heading\">Kommer det finnas \u201cDual Layer Player Boards\u201d eller andra overlays?<\/h3>\n\n\n\n<p>Vi kommer att ha detta till de flesta spel men kan inte garantera det f\u00f6r alla. Ta d\u00e4rf\u00f6r med dig egna om du vill vara s\u00e4ker p\u00e5 att f\u00e5 spela med dessa.  Om m\u00f6jligt f\u00e5r du g\u00e4rna ta med n\u00e5gra extra s\u00e5 du kan erbjuda dina motspelare detta ocks\u00e5.<\/p>\n\n\n\n<h3 class=\"wp-block-heading\">F\u00e5r man ta med 3D-printad terr\u00e4ng och anv\u00e4nda?<\/h3>\n\n\n\n<p>Nej, det f\u00e5r man inte. Vi godk\u00e4nner inte heller den officiella 3d-terr\u00e4ngen. <\/p>\n\n\n\n<h3 class=\"wp-block-heading\">Vem ansvarar f\u00f6r att trycka p\u00e5 knapparna i tidsappen?<\/h3>\n\n\n\n<p>Det \u00e4r den aktiva spelaren som sj\u00e4lv ansvarar f\u00f6r detta. Ni kan f\u00f6rst\u00e5s gemensamt runt ett spelbord komma \u00f6verens om att det \u00e4r en specifik person som ansvarar f\u00f6r det.<\/p>\n\n\n\n<h3 class=\"wp-block-heading\">Vad h\u00e4nder n\u00e4r tiden tar slut?<\/h3>\n\n\n\n<p>Du blir tvingad att automatiskt passa ut. Detta sk\u00f6ter appen. Om du \u00e4r mitt i en handling s\u00e5 f\u00e5r du inte slutf\u00f6ra den, s\u00e5vida inte de \u00f6vriga spelarna g\u00e5r med p\u00e5 att du f\u00e5r det.<\/p>\n\n\n\n<h3 class=\"wp-block-heading\">Hur ser dagsschemat ut?<\/h3>\n\n\n\n<p><a href=\"https:\/\/tm.sogc.nu\/#schema\" data-type=\"page\" data-id=\"7\">Det kan du l\u00e4sa om h\u00e4r.<\/a><\/p>\n\n\n\n<h3 class=\"wp-block-heading\">Kan jag komma och titta p\u00e5 turneringen \u00e4ven om jag inte deltar?<\/h3>\n\n\n\n<p>Vi har v\u00e4ldigt begr\u00e4nsat utrymme f\u00f6r publik, men vi nekar ingen som vill komma och titta. Ni kommer dock inte f\u00e5 g\u00e5 runt spelborden och st\u00f6ra deltagarna.<\/p>\n\n\n\n<h3 class=\"wp-block-heading\">Draftas de initiala 10 korten vid setup?<\/h3>\n\n\n\n<p>Nej, de draftas inte.<\/p>\n\n\n\n<h3 class=\"wp-block-heading\">Kommer promokort anv\u00e4ndas?<\/h3>\n\n\n\n<p>Nej, inga promokort kommer anv\u00e4ndas.<\/p>\n","protected":false},"excerpt":{"rendered":"<p>Vi f\u00f6ljer Fryxgames officiella turneringsregler med f\u00f6ljande till\u00e4gg: I kvalomg\u00e5ngarna har varje spelare en individuell tidbank p\u00e5 30 minuter. I finalen har varje spelare en tidbank p\u00e5 45 minuter. Tidbanken anv\u00e4nds f\u00f6r att s\u00e4kerst\u00e4lla att vi hinner med alla matcher. Alla deltagare beh\u00f6ver ladda ner en timer-app f\u00f6r br\u00e4dspel. Den app du skall anv\u00e4nda om&hellip;&nbsp;<a href=\"https:\/\/tm.sogc.nu\/index.php\/regler\/\" class=\"\" rel=\"bookmark\">L\u00e4s mer &raquo;<span class=\"screen-reader-text\">Regler och FAQ<\/span><\/a><\/p>\n","protected":false},"author":2,"featured_media":0,"parent":0,"menu_order":0,"comment_status":"closed","ping_status":"closed","template":"","meta":{"neve_meta_sidebar":"","neve_meta_container":"","neve_meta_enable_content_width":"","neve_meta_content_width":0,"neve_meta_title_alignment":"","neve_meta_author_avatar":"","neve_post_elements_order":"","neve_meta_disable_header":"","neve_meta_disable_footer":"","neve_meta_disable_title":"","jetpack_post_was_ever_published":false,"footnotes":""},"_links":{"self":[{"href":"https:\/\/tm.sogc.nu\/index.php\/wp-json\/wp\/v2\/pages\/14"}],"collection":[{"href":"https:\/\/tm.sogc.nu\/index.php\/wp-json\/wp\/v2\/pages"}],"about":[{"href":"https:\/\/tm.sogc.nu\/index.php\/wp-json\/wp\/v2\/types\/page"}],"author":[{"embeddable":true,"href":"https:\/\/tm.sogc.nu\/index.php\/wp-json\/wp\/v2\/users\/2"}],"replies":[{"embeddable":true,"href":"https:\/\/tm.sogc.nu\/index.php\/wp-json\/wp\/v2\/comments?post=14"}],"version-history":[{"count":18,"href":"https:\/\/tm.sogc.nu\/index.php\/wp-json\/wp\/v2\/pages\/14\/revisions"}],"predecessor-version":[{"id":529,"href":"https:\/\/tm.sogc.nu\/index.php\/wp-json\/wp\/v2\/pages\/14\/revisions\/529"}],"wp:attachment":[{"href":"https:\/\/tm.sogc.nu\/index.php\/wp-json\/wp\/v2\/media?parent=14"}],"curies":[{"name":"wp","href":"https:\/\/api.w.org\/{rel}","templated":true}]}}