{"id":291,"date":"2023-05-11T13:40:15","date_gmt":"2023-05-11T11:40:15","guid":{"rendered":"https:\/\/tm.sogc.nu\/?page_id=291"},"modified":"2023-05-11T14:19:22","modified_gmt":"2023-05-11T12:19:22","slug":"hellas-elysium-2017","status":"publish","type":"page","link":"https:\/\/tm.sogc.nu\/index.php\/terraforming-mars\/hellas-elysium-2017\/","title":{"rendered":"Hellas &#038; Elysium (2017)"},"content":{"rendered":"\n<figure class=\"wp-block-image size-full\"><img decoding=\"async\" loading=\"lazy\" width=\"1024\" height=\"457\" src=\"https:\/\/tm.sogc.nu\/wp-content\/uploads\/2023\/05\/HE_BGG_2.webp\" alt=\"\" class=\"wp-image-292\" srcset=\"https:\/\/tm.sogc.nu\/wp-content\/uploads\/2023\/05\/HE_BGG_2.webp 1024w, https:\/\/tm.sogc.nu\/wp-content\/uploads\/2023\/05\/HE_BGG_2-300x134.webp 300w, https:\/\/tm.sogc.nu\/wp-content\/uploads\/2023\/05\/HE_BGG_2-768x343.webp 768w\" sizes=\"(max-width: 1024px) 100vw, 1024px\" \/><\/figure>\n\n\n\n<p>Hellas &amp; Elysium \u00e4r den f\u00f6rsta expansionen f\u00f6r Terraforming Mars. Den har tv\u00e5 nya spelplaner som kan spelas ist\u00e4llet f\u00f6r huvudspelets Tharsis-karta.<\/p>\n\n\n\n<ul>\n<li>Elysium tar spelarna n\u00e4stan till motsatt sida av Mars ekvator, med vidstr\u00e4ckta l\u00e5gland f\u00f6r hav i norr och en torr, mineralrik s\u00f6der. Placera en bricka p\u00e5 Olympus M\u00e5nar, den h\u00f6gsta toppen i solsystemet, f\u00f6r att f\u00e5 tre gratiskort!<\/li>\n\n\n\n<li>Hellas, s\u00f6dra vilda, inkluderar Mars sydpol och den enorma sjuhexade Hellas-kratern som bara tigger om att bli en gigantisk sj\u00f6. Att bygga runt stolpen ger dig nya placeringsbonusar i form av v\u00e4rme och eventuellt \u00e4ven vatten.<\/li>\n<\/ul>\n\n\n\n<p>Speldesign: Jacob Fryxelius<br>Grafisk design: Isaac Fryxelius<br>Konstverk: Isaac Fryxelius<\/p>\n\n\n\n<p>DiceTower har gjort en recension av Hellas &amp; Elysium, som kan ses nedan:<\/p>\n\n\n\n<figure class=\"wp-block-embed is-type-video is-provider-youtube wp-block-embed-youtube wp-embed-aspect-16-9 wp-has-aspect-ratio\"><div class=\"wp-block-embed__wrapper\">\n<div class=\"nv-iframe-embed\"><iframe loading=\"lazy\" title=\"Terraforming Mars: Hellas &amp; Elysium Review - with Tom Vasel\" width=\"1200\" height=\"675\" src=\"https:\/\/www.youtube.com\/embed\/Z6h_ZEYGUlc?feature=oembed\" frameborder=\"0\" allow=\"accelerometer; autoplay; clipboard-write; encrypted-media; gyroscope; picture-in-picture; web-share\" allowfullscreen><\/iframe><\/div>\n<\/div><\/figure>\n\n\n\n<p><\/p>\n","protected":false},"excerpt":{"rendered":"<p>Hellas &amp; Elysium \u00e4r den f\u00f6rsta expansionen f\u00f6r Terraforming Mars. Den har tv\u00e5 nya spelplaner som kan spelas ist\u00e4llet f\u00f6r huvudspelets Tharsis-karta. Speldesign: Jacob FryxeliusGrafisk design: Isaac FryxeliusKonstverk: Isaac Fryxelius DiceTower har gjort en recension av Hellas &amp; Elysium, som kan ses nedan:<\/p>\n","protected":false},"author":2,"featured_media":0,"parent":287,"menu_order":0,"comment_status":"closed","ping_status":"closed","template":"","meta":{"neve_meta_sidebar":"","neve_meta_container":"","neve_meta_enable_content_width":"","neve_meta_content_width":0,"neve_meta_title_alignment":"","neve_meta_author_avatar":"","neve_post_elements_order":"","neve_meta_disable_header":"","neve_meta_disable_footer":"","neve_meta_disable_title":"","jetpack_post_was_ever_published":false,"footnotes":""},"_links":{"self":[{"href":"https:\/\/tm.sogc.nu\/index.php\/wp-json\/wp\/v2\/pages\/291"}],"collection":[{"href":"https:\/\/tm.sogc.nu\/index.php\/wp-json\/wp\/v2\/pages"}],"about":[{"href":"https:\/\/tm.sogc.nu\/index.php\/wp-json\/wp\/v2\/types\/page"}],"author":[{"embeddable":true,"href":"https:\/\/tm.sogc.nu\/index.php\/wp-json\/wp\/v2\/users\/2"}],"replies":[{"embeddable":true,"href":"https:\/\/tm.sogc.nu\/index.php\/wp-json\/wp\/v2\/comments?post=291"}],"version-history":[{"count":2,"href":"https:\/\/tm.sogc.nu\/index.php\/wp-json\/wp\/v2\/pages\/291\/revisions"}],"predecessor-version":[{"id":339,"href":"https:\/\/tm.sogc.nu\/index.php\/wp-json\/wp\/v2\/pages\/291\/revisions\/339"}],"up":[{"embeddable":true,"href":"https:\/\/tm.sogc.nu\/index.php\/wp-json\/wp\/v2\/pages\/287"}],"wp:attachment":[{"href":"https:\/\/tm.sogc.nu\/index.php\/wp-json\/wp\/v2\/media?parent=291"}],"curies":[{"name":"wp","href":"https:\/\/api.w.org\/{rel}","templated":true}]}}