{"id":295,"date":"2023-05-11T13:44:14","date_gmt":"2023-05-11T11:44:14","guid":{"rendered":"https:\/\/tm.sogc.nu\/?page_id=295"},"modified":"2023-05-11T14:19:56","modified_gmt":"2023-05-11T12:19:56","slug":"venus-next-2017","status":"publish","type":"page","link":"https:\/\/tm.sogc.nu\/index.php\/terraforming-mars\/venus-next-2017\/","title":{"rendered":"Venus Next (2017)"},"content":{"rendered":"<div class=\"wp-block-image\">\n<figure class=\"aligncenter size-full\"><img decoding=\"async\" loading=\"lazy\" width=\"416\" height=\"531\" src=\"https:\/\/tm.sogc.nu\/wp-content\/uploads\/2023\/05\/VenusFront.webp\" alt=\"\" class=\"wp-image-296\" srcset=\"https:\/\/tm.sogc.nu\/wp-content\/uploads\/2023\/05\/VenusFront.webp 416w, https:\/\/tm.sogc.nu\/wp-content\/uploads\/2023\/05\/VenusFront-235x300.webp 235w\" sizes=\"(max-width: 416px) 100vw, 416px\" \/><\/figure><\/div>\n\n\n<p>I Venus Next v\u00e4ljer v\u00e4rldsregeringen att ocks\u00e5 finansiera terraformningen av Venus. Cirka 50 projektkort och 5 f\u00f6retag tillkommer, med s\u00e4rskilt fokus p\u00e5 hur man g\u00f6r Venus beboelig. Med den nya flytande resursen, en ny milstolpe, en ny utm\u00e4rkelse, en ny tagg och en ny terraformningsparameter, ges spelarna fler v\u00e4gar till seger och ett \u00e4nnu mer varierat spel.<\/p>\n\n\n\n<p>H\u00e4r \u00e4r vad som \u00e4r nytt i den h\u00e4r expansionen:<\/p>\n\n\n\n<p>49 nya projektkort \u2013 Dessa l\u00e4ggs till i huvudleken och fungerar precis som de andra korten i kortleken. De introducerar dock n\u00e5gra nya strategier, framf\u00f6r allt flytande strategin. Flytande resurser representerar infrastruktur som flyter p\u00e5 Venus tjocka moln. Det finns inget speciellt regelm\u00e4ssigt med floaters, de fungerar precis som djur- och mikroberresurser, men det finns m\u00e5nga kort i Venus Next som g\u00f6r det m\u00f6jligt att l\u00e4gga till floaters till andra kort. S\u00e5 det finns m\u00e5nga sp\u00e4nnande kombinationer att uppt\u00e4cka. Vissa kort har ocks\u00e5 den nya Venus-taggen, som \u2013 \u00e5terigen \u2013 inte l\u00e4gger till n\u00e5gra nya regler, utan skapar mer intressanta kombinationer att spela med.<\/p>\n\n\n\n<p>5 nya f\u00f6retagskort \u2013 n\u00e4mnde vi variation? 5 nya f\u00f6retag betyder att det kommer mycket ny omspelbarhet med denna expansion. Vissa av dem passar f\u00f6rst\u00e5s bra med de nya flytresurserna och Venus-taggarna, men ett par \u00e4r ocks\u00e5 perfekta f\u00f6r basspelet.<\/p>\n\n\n\n<p>Ytterligare en milstolpe och prisbricka \u2013 dessa l\u00e4ggs till som en sj\u00e4tte milstolpe och en sj\u00e4tte utm\u00e4rkelse, oavsett om du spelar basspelskartan eller Hellas &amp; Elysium expansionskartor. Endast 3 kartor kan g\u00f6ras anspr\u00e5k p\u00e5 som vanligt, men det finns fler att v\u00e4lja mellan.<\/p>\n\n\n\n<p>En Venus sidobr\u00e4da &#8211; Denna placeras bredvid huvudbr\u00e4det och har 4 nya platser f\u00f6r Venusian, Mercurian, och \u00e4ven Lunar st\u00e4der. Men framf\u00f6r allt introducerar den en ny terraformningsparameter som fungerar precis som temperatur- och syreskalan i huvudspelet. Det representerar den \u00f6vergripande terraformningen av Venus. Att \u00f6ka parametern ger 1 Terraform Rating, och det finns bonussteg som ger ytterligare f\u00f6rdelar, precis som de andra parametrarna. Den enda skillnaden \u00e4r att Venus-sp\u00e5ret inte beh\u00f6ver vara uppfyllt f\u00f6r att spelet ska ta slut. Det \u00e4r en valfri k\u00e4lla f\u00f6r Terraform Rating.<\/p>\n\n\n\n<p>En ny spelfas \u2013 efter produktionsfasen introduceras Solar Phase. I denna fas hj\u00e4lper v\u00e4rldsregeringen terraformningen genom att l\u00e5ta den f\u00f6rsta spelaren \u00f6ka n\u00e5gon av de 4 terraformingsparametrarna utan att f\u00e5 n\u00e5gon av bonusarna f\u00f6r den \u00f6kningen. Detta l\u00e5ter effektivt spelet ta ungef\u00e4r samma speltid som med bara basspelet, men med mycket mer variation och fler strategier att uppt\u00e4cka.<\/p>\n\n\n\n<p>V\u00e4lkommen till Venus!<\/p>\n\n\n\n<p>Speldesign: Jacob Fryxelius<br>Grafisk design: Isaac Fryxelius<br>Konstverk: Isaac Fryxelius, Daniel Fryxelius, Bill Bricker, Garret W. Kaida, diverse<\/p>\n\n\n\n<p>Nedan kan du se DiceTower Review f\u00f6r att l\u00e4ra dig mer om denna expansion:<\/p>\n\n\n\n<hr class=\"wp-block-separator has-alpha-channel-opacity\"\/>\n\n\n\n<figure class=\"wp-block-embed is-type-video is-provider-youtube wp-block-embed-youtube wp-embed-aspect-16-9 wp-has-aspect-ratio\"><div class=\"wp-block-embed__wrapper\">\n<div class=\"nv-iframe-embed\"><iframe loading=\"lazy\" title=\"Terraforming Mars: Venus Next Review - with Tom Vasel\" width=\"1200\" height=\"675\" src=\"https:\/\/www.youtube.com\/embed\/hGN2icQsVAE?feature=oembed\" frameborder=\"0\" allow=\"accelerometer; autoplay; clipboard-write; encrypted-media; gyroscope; picture-in-picture; web-share\" allowfullscreen><\/iframe><\/div>\n<\/div><\/figure>\n\n\n\n<hr class=\"wp-block-separator has-alpha-channel-opacity\"\/>\n\n\n<div class=\"wp-block-image\">\n<figure class=\"aligncenter size-full\"><img decoding=\"async\" loading=\"lazy\" width=\"580\" height=\"744\" src=\"https:\/\/tm.sogc.nu\/wp-content\/uploads\/2023\/05\/VenusBack.webp\" alt=\"\" class=\"wp-image-297\" srcset=\"https:\/\/tm.sogc.nu\/wp-content\/uploads\/2023\/05\/VenusBack.webp 580w, https:\/\/tm.sogc.nu\/wp-content\/uploads\/2023\/05\/VenusBack-234x300.webp 234w\" sizes=\"(max-width: 580px) 100vw, 580px\" \/><\/figure><\/div>\n\n\n<p><\/p>\n","protected":false},"excerpt":{"rendered":"<p>I Venus Next v\u00e4ljer v\u00e4rldsregeringen att ocks\u00e5 finansiera terraformningen av Venus. Cirka 50 projektkort och 5 f\u00f6retag tillkommer, med s\u00e4rskilt fokus p\u00e5 hur man g\u00f6r Venus beboelig. Med den nya flytande resursen, en ny milstolpe, en ny utm\u00e4rkelse, en ny tagg och en ny terraformningsparameter, ges spelarna fler v\u00e4gar till seger och ett \u00e4nnu mer&hellip;&nbsp;<a href=\"https:\/\/tm.sogc.nu\/index.php\/terraforming-mars\/venus-next-2017\/\" class=\"\" rel=\"bookmark\">L\u00e4s mer &raquo;<span class=\"screen-reader-text\">Venus Next (2017)<\/span><\/a><\/p>\n","protected":false},"author":2,"featured_media":0,"parent":287,"menu_order":0,"comment_status":"closed","ping_status":"closed","template":"","meta":{"neve_meta_sidebar":"","neve_meta_container":"","neve_meta_enable_content_width":"","neve_meta_content_width":0,"neve_meta_title_alignment":"","neve_meta_author_avatar":"","neve_post_elements_order":"","neve_meta_disable_header":"","neve_meta_disable_footer":"","neve_meta_disable_title":"","jetpack_post_was_ever_published":false,"footnotes":""},"_links":{"self":[{"href":"https:\/\/tm.sogc.nu\/index.php\/wp-json\/wp\/v2\/pages\/295"}],"collection":[{"href":"https:\/\/tm.sogc.nu\/index.php\/wp-json\/wp\/v2\/pages"}],"about":[{"href":"https:\/\/tm.sogc.nu\/index.php\/wp-json\/wp\/v2\/types\/page"}],"author":[{"embeddable":true,"href":"https:\/\/tm.sogc.nu\/index.php\/wp-json\/wp\/v2\/users\/2"}],"replies":[{"embeddable":true,"href":"https:\/\/tm.sogc.nu\/index.php\/wp-json\/wp\/v2\/comments?post=295"}],"version-history":[{"count":2,"href":"https:\/\/tm.sogc.nu\/index.php\/wp-json\/wp\/v2\/pages\/295\/revisions"}],"predecessor-version":[{"id":342,"href":"https:\/\/tm.sogc.nu\/index.php\/wp-json\/wp\/v2\/pages\/295\/revisions\/342"}],"up":[{"embeddable":true,"href":"https:\/\/tm.sogc.nu\/index.php\/wp-json\/wp\/v2\/pages\/287"}],"wp:attachment":[{"href":"https:\/\/tm.sogc.nu\/index.php\/wp-json\/wp\/v2\/media?parent=295"}],"curies":[{"name":"wp","href":"https:\/\/api.w.org\/{rel}","templated":true}]}}