{"id":7,"date":"2023-05-11T08:42:10","date_gmt":"2023-05-11T06:42:10","guid":{"rendered":"https:\/\/tm.sogc.nu\/?page_id=7"},"modified":"2023-09-14T14:48:56","modified_gmt":"2023-09-14T12:48:56","slug":"startsida","status":"publish","type":"page","link":"https:\/\/tm.sogc.nu\/","title":{"rendered":"V\u00e4lkomna till SM i Terraforming Mars"},"content":{"rendered":"\n<p>Tillsammans med v\u00e5r partner Fryxgames bjuder vi in till en heldag br\u00e4dspel, l\u00f6rdagen den 25 november 2023 p\u00e5 <a rel=\"noreferrer noopener\" href=\"https:\/\/osbyborgen.se\/konferens\/\" target=\"_blank\">Kulturhuset Borgen<\/a> i Osby. Biljetterna sl\u00e4pps 2 september klockan 10h och kommer att <a href=\"https:\/\/osbyborgen.se\/evenemang\/\" target=\"_blank\" rel=\"noreferrer noopener\">kunna k\u00f6pas online h\u00e4r<\/a>. Turneringen \u00e4r \u00f6ppen f\u00f6r alla som vill spendera en trevlig dag tillsammans i br\u00e4dspelets tecken! Upp till 64 spelare g\u00f6r upp p\u00e5 sexton bord. Efter tre kvalomg\u00e5ngar g\u00e5r de fyra b\u00e4sta spelarna till final. Fryxgames och Spelexperten st\u00e5r f\u00f6r fina priser till alla p\u00e5 finalbordet.<\/p>\n\n\n\n<div class=\"wp-block-columns is-layout-flex wp-container-3 wp-block-columns-is-layout-flex\">\n<div class=\"wp-block-column is-layout-flow wp-block-column-is-layout-flow\">\n<h2 class=\"wp-block-heading\" id=\"schema\">Uppl\u00e4gg f\u00f6r dagen<\/h2>\n\n\n\n<p>8.30-8.55: Incheckning: kaffe och fralla<br>9.00-9.10: V\u00e4lkomsttal, punkter f\u00f6r dagen<br>9.15-11.55: Kvalomg\u00e5ng 1 <br>12.00-13.20: Lunch p\u00e5 Borgen (ing\u00e5r) <br>13.20-16.00: Kvalomg\u00e5ng 2<br>17.20-20.00: Kvalomg\u00e5ng 3<br>20.20-00.00: Final <\/p>\n<\/div>\n\n\n\n<div class=\"wp-block-column is-layout-flow wp-block-column-is-layout-flow\">\n<h2 class=\"wp-block-heading\" id=\"kval\">Speluppl\u00e4gg<\/h2>\n\n\n\n<p>Samtliga kvalmatcher spelas med: Prelude, corporate era och drafting. Kvalomg\u00e5ng 1 spelas med kartan &#8221;Tharsis&#8221;; kvalomg\u00e5ng 2 med &#8221;Hellas&#8221; och kvalomg\u00e5ng 3 med &#8221;Elysium&#8221;. Observera att varje karta har unika &#8221;Milestones&#8221; och &#8221;Awards&#8221;. Finalen spelas med samtliga expansioner (Venus, Colonies, Turmoil) samt World Government Terraforming. Kartan till finalen blir en \u00f6verraskning! <\/p>\n<\/div>\n<\/div>\n\n\n\n<div class=\"wp-block-columns are-vertically-aligned-top is-layout-flex wp-container-6 wp-block-columns-is-layout-flex\">\n<div class=\"wp-block-column is-vertically-aligned-top is-layout-flow wp-block-column-is-layout-flow\"><div class=\"wp-block-image\">\n<figure class=\"aligncenter size-full is-resized\"><img decoding=\"async\" loading=\"lazy\" src=\"https:\/\/tm.sogc.nu\/wp-content\/uploads\/2023\/08\/127324-200.png\" alt=\"\" class=\"wp-image-399\" style=\"width:69px;height:69px\" width=\"69\" height=\"69\" srcset=\"https:\/\/tm.sogc.nu\/wp-content\/uploads\/2023\/08\/127324-200.png 200w, https:\/\/tm.sogc.nu\/wp-content\/uploads\/2023\/08\/127324-200-150x150.png 150w\" sizes=\"(max-width: 69px) 100vw, 69px\" \/><\/figure><\/div>\n\n\n<p>1a: Terraforming Mars <a rel=\"noreferrer noopener\" href=\"https:\/\/www.fryxgames.se\/produkt\/terraforming-mars-ultimate-bundle\/\" target=\"_blank\">&#8221;Ultimate Bundle&#8221; fr\u00e5n Fryxgames<\/a> till ett v\u00e4rde av cirka 4000 kr.<br><br>2a: &#8221;Mug collection&#8221; fr\u00e5n Fryxgames.<br>300kr presentkort hos Spelexperten.se<br>300Kr presentkort hos Worldofboardgames.se<br><br>3a: &#8221;Mug collection&#8221; fr\u00e5n Fryxgames.<br>200kr presentkort hos Spelexperten.se<br>200Kr presentkort hos Worldofboardgames.se<br><br>4a: &#8221;Mug collection&#8221; fr\u00e5n Fryxgames<br>100Kr presentkort hos Worldofboardgames.se<\/p>\n<\/div>\n\n\n\n<div class=\"wp-block-column is-vertically-aligned-top is-layout-flow wp-block-column-is-layout-flow\"><div class=\"wp-block-image\">\n<figure class=\"aligncenter size-large is-resized\"><a href=\"https:\/\/www.fryxgames.se\/\" target=\"_blank\" rel=\"noreferrer noopener\"><img decoding=\"async\" loading=\"lazy\" src=\"https:\/\/tm.sogc.nu\/wp-content\/uploads\/2023\/05\/Fryxgames_redigerad3-1-1024x279.gif\" alt=\"\" class=\"wp-image-236\" style=\"width:253px;height:69px\" width=\"253\" height=\"69\" srcset=\"https:\/\/tm.sogc.nu\/wp-content\/uploads\/2023\/05\/Fryxgames_redigerad3-1-1024x279.gif 1024w, https:\/\/tm.sogc.nu\/wp-content\/uploads\/2023\/05\/Fryxgames_redigerad3-1-300x82.gif 300w, https:\/\/tm.sogc.nu\/wp-content\/uploads\/2023\/05\/Fryxgames_redigerad3-1-768x209.gif 768w\" sizes=\"(max-width: 253px) 100vw, 253px\" \/><\/a><\/figure><\/div>\n\n\n<p>V\u00e5r huvudpartner Fryxgames kommer att finnas p\u00e5 plats f\u00f6r f\u00f6rs\u00e4ljning av spel och goodies och kommer ocks\u00e5 att agera regeldomare om n\u00e5gra oklarheter skulle uppst\u00e5. <\/p>\n<\/div>\n<\/div>\n\n\n<div class=\"wp-block-image\">\n<figure class=\"aligncenter size-full is-resized\"><a href=\"https:\/\/sogc.nu\/\" target=\"_blank\" rel=\"noreferrer noopener\"><img decoding=\"async\" loading=\"lazy\" src=\"https:\/\/tm.sogc.nu\/wp-content\/uploads\/2023\/05\/transparant.png\" alt=\"\" class=\"wp-image-138\" style=\"width:165px;height:165px\" width=\"165\" height=\"165\" srcset=\"https:\/\/tm.sogc.nu\/wp-content\/uploads\/2023\/05\/transparant.png 577w, https:\/\/tm.sogc.nu\/wp-content\/uploads\/2023\/05\/transparant-300x300.png 300w, https:\/\/tm.sogc.nu\/wp-content\/uploads\/2023\/05\/transparant-150x150.png 150w\" sizes=\"(max-width: 165px) 100vw, 165px\" \/><\/a><\/figure><\/div>\n\n\n<p>Vi som h\u00e5ller i eventet \u00e4r <em><a rel=\"noreferrer noopener\" href=\"https:\/\/sogc.nu\/\" target=\"_blank\">Society of Gaming Culture<\/a><\/em>, en spelf\u00f6rening som funnits sedan 2007. Under dagen h\u00e5ller vi i en br\u00e4dspelslounge d\u00e4r man kan l\u00e5na f\u00f6reningens spel eller bara sitta och ta igen sig.<\/p>\n\n\n\n<p class=\"has-text-align-center\" style=\"font-size:29px\"><strong>Stort tack till alla v\u00e5ra sponsorer som g\u00f6r detta m\u00f6jligt!<\/strong><\/p>\n","protected":false},"excerpt":{"rendered":"<p>Tillsammans med v\u00e5r partner Fryxgames bjuder vi in till en heldag br\u00e4dspel, l\u00f6rdagen den 25 november 2023 p\u00e5 Kulturhuset Borgen i Osby. Biljetterna sl\u00e4pps 2 september klockan 10h och kommer att kunna k\u00f6pas online h\u00e4r. Turneringen \u00e4r \u00f6ppen f\u00f6r alla som vill spendera en trevlig dag tillsammans i br\u00e4dspelets tecken! Upp till 64 spelare g\u00f6r&hellip;&nbsp;<a href=\"https:\/\/tm.sogc.nu\/\" class=\"\" rel=\"bookmark\">L\u00e4s mer &raquo;<span class=\"screen-reader-text\">V\u00e4lkomna till SM i Terraforming Mars<\/span><\/a><\/p>\n","protected":false},"author":2,"featured_media":0,"parent":0,"menu_order":0,"comment_status":"closed","ping_status":"closed","template":"","meta":{"neve_meta_sidebar":"","neve_meta_container":"","neve_meta_enable_content_width":"","neve_meta_content_width":0,"neve_meta_title_alignment":"","neve_meta_author_avatar":"","neve_post_elements_order":"","neve_meta_disable_header":"","neve_meta_disable_footer":"","neve_meta_disable_title":"","jetpack_post_was_ever_published":false,"footnotes":""},"_links":{"self":[{"href":"https:\/\/tm.sogc.nu\/index.php\/wp-json\/wp\/v2\/pages\/7"}],"collection":[{"href":"https:\/\/tm.sogc.nu\/index.php\/wp-json\/wp\/v2\/pages"}],"about":[{"href":"https:\/\/tm.sogc.nu\/index.php\/wp-json\/wp\/v2\/types\/page"}],"author":[{"embeddable":true,"href":"https:\/\/tm.sogc.nu\/index.php\/wp-json\/wp\/v2\/users\/2"}],"replies":[{"embeddable":true,"href":"https:\/\/tm.sogc.nu\/index.php\/wp-json\/wp\/v2\/comments?post=7"}],"version-history":[{"count":38,"href":"https:\/\/tm.sogc.nu\/index.php\/wp-json\/wp\/v2\/pages\/7\/revisions"}],"predecessor-version":[{"id":526,"href":"https:\/\/tm.sogc.nu\/index.php\/wp-json\/wp\/v2\/pages\/7\/revisions\/526"}],"wp:attachment":[{"href":"https:\/\/tm.sogc.nu\/index.php\/wp-json\/wp\/v2\/media?parent=7"}],"curies":[{"name":"wp","href":"https:\/\/api.w.org\/{rel}","templated":true}]}}